) = 2*z + 36. Let y be p(-19). Let n(w) = -9*w - 2. Calculate n(y).
16
Let c(s) = -10*s**2 + 15*s - 2. Let n be c(2). Let o(f) = -f**2 - 13*f - 7. Determine o(n).
5
Let d(n) be the second derivative of n**4/24 + n**3 - 5*n**2/2 + 10*n. Let s(p) be the first derivative of d(p). What is s(0)?
6
Let d(r) be the third derivative of r**4/8 - r**3/3 + 4*r**2 - 67*r. Calculate d(2).
4
Let w be (-23 - -6)/((-1)/1). Suppose -5 + w = 3*t. Let i(l) = -l**2 + 4*l + 2. Calculate i(t).
2
Suppose n = 0, -3*y - 36 = -6*y + 2*n. Let o = y - 16. Let k(f) = 0*f**2 - 2*f**2 + f**2 - 6*f - 4 + 3. Calculate k(o).
7
Let b(h) be the first derivative of h**3/3 - 3*h**2/2 + 2*h + 24. Suppose 13 = -4*p + 1. What is b(p)?
20
Let x(m) = -13*m. Let q be x(-1). Suppose -2*f - q = 13. Let l = f + 20. Let a(u) = 2*u - 10. Calculate a(l).
4
Let p(w) = 2*w**2 - 2*w + 1. Suppose 12 - 8 = 2*z. Give p(z).
5
Let o(p) = -2*p**2 + 11*p - 6. Let h = 258 - 254. Give o(h).
6
Let f(v) = -10*v**3 + 2*v**3 - 3*v**2 - 5*v + 2 - 5 + 9*v**3. Let y(g) = g**2. Let i be y(-2). What is f(i)?
-7
Let l(v) = 2*v + 1. Let r be l(1). Let j be (-286)/66 + 1/r. Let z(s) = -s**2 - 4*s - 2. Calculate z(j).
-2
Let w(q) = 0*q**2 - 3*q + 4*q + q**2 + 0*q**2 + 3. Let c be w(0). Let g(f) = -5 - 8*f + 3*f**3 + f**c - 2*f**3 - 7*f**2 - f**3. Give g(8).
-5
Suppose x + 12 = -2*x. Let s be 1/((x - -7)/24). Let m = s + -8. Let f(v) = v**2 - v + 17. What is f(m)?
17
Let x(r) be the first derivative of r - 5 + r**3 + 1/2*r**2. Suppose -4*u - 1 = 3. Give x(u).
3
Let n be 0*1/(-2)*-1. Let v(i) = i + 5 - 3*i**2 + n + i**3 - 8. Give v(4).
17
Let a = 18/35 - 85/168. Let w(p) be the third derivative of a*p**6 - 8*p**2 + 0*p**3 - 1/12*p**5 + 0*p + 0*p**4 + 0. Give w(5).
0
Let r(v) be the third derivative of -v**7/840 - v**6/40 - v**4/6 + 5*v**3/3 + 11*v**2. Let i(x) be the first derivative of r(x). What is i(-9)?
-4
Let y(l) = l**2 + 8*l + 1. Let a = 28 + -16. Suppose 2*o + 137 = 3*f, 121 + 28 = 3*f + 4*o. Suppose -5*i + a = f. Determine y(i).
-6
Let j(r) = -r**2 + 12*r + 12. Let p = 98 - 85. Calculate j(p).
-1
Let t be (-2)/(-3) - 23/3. Let r(k) = -183*k**2 + 190*k**2 + 6 + 1 + k**3. Calculate r(t).
7
Let a(u) = u**2 - 7*u + 8. Let l(h) = -h**2 + 4*h + 13. Let c be l(6). Let r be (1 - 1)*c/(-2). Suppose r = q - 18 + 12. What is a(q)?
2
Let f(b) = -b**3 + 7*b**2 - 3*b - 3. Let u be f(7). Let v = u + 17. Let z(d) be the second derivative of d**5/20 + 7*d**4/12 - d**3/6 - 4*d**2 + 6*d. Give z(v).
-1
Suppose 4 = 4*m + 4*b + b, -m + 1 = 2*b. Let q(u) = -1 - 16*u**3 - 368*u - 370*u + 740*u. Calculate q(m).
-15
Let c(i) = i + 1. Let m be 6*((-4)/(-12) + 3). Suppose -2*y - 3*y + m = 0. Let a be c(y). Let w(q) = q**2 - 2*q - 4. Give w(a).
11
Let a be ((5 - -3) + -8)/(-1). Let j(u) = -u**3 - u**2 + u - 1. Let h(i) = -i**3 - i**2 + 2*i - 7. Let k(y) = -h(y) + 2*j(y). Give k(a).
5
Let m(w) be the third derivative of 1/3*w**3 - 1/24*w**4 + 0*w + 0 + 0*w**5 + 4*w**2 + 1/120*w**6. Let z be m(0). Let r(p) = p**3 - 2*p + 2. What is r(z)?
6
Let v(m) = -m**2 - 16*m + m**2 - m**2 + 3*m - 2. What is v(-12)?
10
Let n(f) be the second derivative of 25*f + 1/20*f**5 + 1/2*f**4 - 1/3*f**3 - 5/2*f**2 + 0. Calculate n(-6).
7
Let d(x) be the first derivative of -x**3/3 + 3*x**2 + 5*x - 289. Determine d(7).
-2
Let n(a) = -6*a + 2. Let d(j) = 7*j - 2. Let m(v) = -5*d(v) - 6*n(v). Suppose 2*i - 54 = -0*i. Let r = i + -27. Determine m(r).
-2
Let t(u) = -u**3 + u**2 + u. Let v be t(3). Let b = 18 + v. Suppose 0 = k - 0*k + 2, -16 = -b*j - k. Let n(w) = w**3 - 6*w**2 - 2*w + 5. Calculate n(j).
-7
Let g be (-6)/(-15) + (-17)/5. Let w(t) = -4*t + 3. Let s(i) = 7*i - 5. Let k(a) = g*s(a) - 5*w(a). Determine k(2).
-2
Let g(d) = 6*d - 28*d + 9*d - 1 + 11*d. What is g(4)?
-9
Let q(v) be the third derivative of 7*v**4/24 + v**3/6 - 42*v**2. Give q(2).
15
Let w(t) = 5*t**2 - 28*t - 42. Let i(q) = 2*q**2 - 14*q - 20. Let y(l) = 7*i(l) - 3*w(l). Determine y(-13).
-1
Let b = -18 - -23. Suppose b*p - 21 = -n, -n = 4*n + 4*p - 42. Let q(v) = -2*v**3 - 5*v**2 - 2*v**2 + n*v**2. Determine q(-2).
12
Let l(q) = -6 + 6 - 3 + 2. Let v(s) = -2*s - 11. Let b(k) = 3*l(k) - v(k). Let c = 7 + -13. What is b(c)?
-4
Let x(o) be the third derivative of -o**6/120 + o**5/12 + o**4/6 - 4*o**3/3 - 2*o**2 - 12*o. Suppose -4*z - a = -22, -5*z + 0*z = 3*a - 24. Determine x(z).
-20
Suppose 5*v = 18 - 43. Let x = 8 - 2. Let y(a) = 2*a + x*a**2 + 5*a**3 - 9*a**3 + 5*a**3 - 6. Calculate y(v).
9
Let w(t) = -12*t + 81. Let y(n) = 35*n - 235. Let q(z) = 20*w(z) + 7*y(z). Determine q(5).
0
Let c(t) = t**3 + 13*t**2 + 17*t - 13. Let o(k) = k**2 - k + 2. Let i(u) = -c(u) - 3*o(u). What is i(-15)?
-8
Let s(u) = -u**2 - 7*u. Let g(y) = y**2 - 8*y - 4. Let n be g(9). Suppose -n*p = -0*p - 5. Suppose -x - p = 5*v, 2*x + 21 = -x + 3*v. Determine s(x).
6
Let y = 3 - 2. Let m(z) = z - 1. Let p be m(y). Let b(x) be the first derivative of -x**2/2 + 5*x - 7255. What is b(p)?
5
Let q(d) = -d**2 - 7*d + 2. Suppose 4*l + 177 - 13 = 0. Let b = l + 34. Determine q(b).
2
Let w(p) be the second derivative of -p**5/20 - p**4/12 - p**3/3 - p**2/2 + 16*p. Let i be w(-1). Let n(t) = -15*t + 1. Give n(i).
-14
Let t(m) be the third derivative of -m**5/60 + 2*m**4/3 + 7*m**3/3 + 12*m**2 + 1. Give t(17).
-3
Let c(d) = -d**3 - 4*d**2 + 6*d - 2. Let m be -3 - 9*1/((-2)/2). Let w = 1 - m. What is c(w)?
-7
Let h(w) = 2*w**2 - 4*w + 2. Suppose 3 + 5 = 4*z. Let m be z + 3 + 1/1. Let v be (-16)/m*(-9)/12. Calculate h(v).
2
Let x(h) = 4*h + 4. Let g(p) = -3*p - 4. Let f(r) = 5*g(r) + 4*x(r). Let u be ((-4)/8)/(2/16). Calculate f(u).
-8
Let q(a) = a + 6. Suppose 8 = 7*n - 20. Suppose n*f - 27 = -39. What is q(f)?
3
Let n(u) be the second derivative of -u**5/20 + 5*u**4/12 - u**3/3 + u**2 - 139*u. Determine n(5).
-8
Let o(k) = -k + 5. Let u(r) = -3*r - 5 - 13 + 16. Let l be u(-2). Calculate o(l).
1
Let r be (1/(-2)*6)/(24/16). Let c(p) = -p**3 + p - 1. Determine c(r).
5
Let z be (-6)/4*(-1 + -9). Suppose -2*s - 2*o - z = -3*s, -5*o - 45 = -4*s. Let a(l) = l**3 - 4*l**2 - 4*l - 3. Give a(s).
2
Let s(n) = 4*n**2 + 2*n + 3. Let d = -571 - -568. What is s(d)?
33
Let m = 341/820 - 15/41. Let p(y) be the second derivative of 2/3*y**3 - m*y**5 - 4*y + y**2 + 1/4*y**4 + 0. Calculate p(4).
2
Suppose 0 = -24*p + 84 + 12. Let g(u) be the third derivative of -1/6*u**5 + 1/24*u**4 + 0*u**3 + 0 + p*u**2 + 0*u. Calculate g(1).
-9
Suppose x + 3*i = -2*x + 18, 2 = -x + 3*i. Let v(y) = 11*y - y**3 - 2*y + 0*y - y**2 - x - 10*y. What is v(0)?
-4
Let j(g) = -g**3 - 17*g**2 - 31*g - 23. Let w = -2413 + 2398. Determine j(w).
-8
Let w(n) be the first derivative of n**4/12 + n**3/3 - 22*n - 31. Let u(q) be the first derivative of w(q). Calculate u(-5).
15
Let f be 4*(1 + -1 - 1). Let g be -3 + f/(-1) - -1. Suppose -g*d = -10, 3*t + 2 = -d - 2. Let n(y) = -y**3 - 3*y**2 + 2*y. What is n(t)?
-6
Let a(t) be the second derivative of 0 - 1/12*t**4 + 5*t + 4*t**2 + 1/6*t**3. Let x(i) be the first derivative of a(i). Determine x(6).
-11
Let b(j) = j + 3. Let t = 0 + 4. Let a be 0/(28/70 + 16/10). Suppose 3*f = d - 0*d - 22, -t*f + 4*d - 16 = a. Calculate b(f).
-6
Let c(b) = 7*b**2 + 6*b - 6. Let p = -8 - -14. Let z(d) = -8*d**2 - 7*d + 7. Let j(v) = p*z(v) + 7*c(v). What is j(3)?
9
Let b = -13 + 14. Let l(a) be the second derivative of a**7/140 + a**6/180 - a**4/24 + a**3 - 4*a. Let v(u) be the second derivative of l(u). Determine v(b).
7
Let g(k) = -k**3 + 9*k**2 - 8*k - 8. Suppose 159 = 40*w - 161. Give g(w).
-8
Let v(c) be the third derivative of c**4/24 + 3*c**3/2 - 2*c**2 + 2. Give v(-9).
0
Let c(r) = r**3 + 3*r**2 + r + 1. Suppose 0*y - 12 = 2*y. Let n = -6 - -2. Let a = y - n. Determine c(a).
3
Let p be 1 - (-2 - (0 - 1)). Let v(t) = -t**3 - 4*t + 10*t + 3 - 5*t**p + 1. Let q(g) = -91*g**2 - 364*g - 6. Let o be q(-4). Calculate v(o).
4
Let x(i) = i**2 - 4*i + 7. Let b = 38 + -56. Let n = b - -23. Calculate x(n).
12
Let r(g) be the third derivative of g**5/60 - g**4/6 + g**3/6 + g**2. Suppose 144*k - 32 = 136*k. Determine r(k).
1
Let h(s) = 2*s + 18. Let n(a) = a + 9. Let w(o) = -6*h(o) + 13*n(o). Suppose 0 = 5*j - 5*k + 20, 0 = -k - 3 - 2. Calculate w(j).
0
Let g(z) = -7*z**2 + 3*z - 1. Let m(k) = 21*k**2 - 10*k + 2. Let s(f) = -7*g(f) - 2*m(f). Let v(